{"id":260,"date":"2022-10-22T20:03:45","date_gmt":"2022-10-22T20:03:45","guid":{"rendered":"https:\/\/cgdmconstruction.com\/?page_id=260"},"modified":"2022-10-22T20:06:11","modified_gmt":"2022-10-22T20:06:11","slug":"politique-de-confidentialite","status":"publish","type":"page","link":"https:\/\/cgdmconstruction.com\/?page_id=260","title":{"rendered":"politique de confidentialit\u00e9"},"content":{"rendered":"\t\t<div data-elementor-type=\"wp-page\" data-elementor-id=\"260\" class=\"elementor elementor-260\">\n\t\t\t\t\t\t\t\t\t<section class=\"elementor-section elementor-top-section elementor-element elementor-element-63d13b4 elementor-section-boxed elementor-section-height-default elementor-section-height-default\" data-id=\"63d13b4\" data-element_type=\"section\">\n\t\t\t\t\t\t<div class=\"elementor-container elementor-column-gap-default\">\n\t\t\t\t\t<div class=\"elementor-column elementor-col-100 elementor-top-column elementor-element elementor-element-299fce9\" data-id=\"299fce9\" data-element_type=\"column\">\n\t\t\t<div class=\"elementor-widget-wrap elementor-element-populated\">\n\t\t\t\t\t\t\t\t<div class=\"elementor-element elementor-element-46dc917 elementor-widget elementor-widget-text-editor\" data-id=\"46dc917\" data-element_type=\"widget\" data-widget_type=\"text-editor.default\">\n\t\t\t\t<div class=\"elementor-widget-container\">\n\t\t\t<style>\/*! elementor - v3.7.8 - 02-10-2022 *\/\n.elementor-widget-text-editor.elementor-drop-cap-view-stacked .elementor-drop-cap{background-color:#818a91;color:#fff}.elementor-widget-text-editor.elementor-drop-cap-view-framed .elementor-drop-cap{color:#818a91;border:3px solid;background-color:transparent}.elementor-widget-text-editor:not(.elementor-drop-cap-view-default) .elementor-drop-cap{margin-top:8px}.elementor-widget-text-editor:not(.elementor-drop-cap-view-default) .elementor-drop-cap-letter{width:1em;height:1em}.elementor-widget-text-editor .elementor-drop-cap{float:left;text-align:center;line-height:1;font-size:50px}.elementor-widget-text-editor .elementor-drop-cap-letter{display:inline-block}<\/style>\t\t\t\t<h2><b>Politique<\/b><b> <\/b><b>de<\/b><b> confidentialit\u00e9<\/h2>\n\nLa soci\u00e9t\u00e9 befirst, soucieuse des droits des individus, notamment au regard des traitements automatis\u00e9s et dans une volont\u00e9 de transparence avec ses clients, a mis en place une politique reprenant l\u2019ensemble de ces traitements, des finalit\u00e9s poursuivies par ces derniers ainsi que des moyens d\u2019actions \u00e0 la disposition des individus afin qu\u2019ils puissent au mieux exercer leurs droits.\n\nPour toute information compl\u00e9mentaire sur la protection des donn\u00e9es personnelles, nous vous invitons \u00e0 consulter le site : <a href=\"https:\/\/www.cnil.fr\/\">https:\/\/www.cnil.fr\/<\/a>\n\nLa poursuite de la navigation sur ce site vaut acceptation sans r\u00e9serve des dispositions et conditions d&rsquo;utilisation qui suivent.\n\nLa version actuellement en ligne de ces conditions d&rsquo;utilisation est la seule opposable pendant toute la dur\u00e9e d&rsquo;utilisation du site et jusqu&rsquo;\u00e0 ce qu&rsquo;une nouvelle version la remplace.\n\n<b>Article<\/b><b> 1<\/b><b> <\/b><b>&#8211;<\/b><b> <\/b><b>Collecte<\/b><b> <\/b><b>et<\/b><b> <\/b><b>protection<\/b><b> <\/b><b>des<\/b><b> <\/b><b>donn\u00e9es<\/b>\n\nVos donn\u00e9es sont collect\u00e9es par la soci\u00e9t\u00e9 CGDM CONSTRUCTION.\n\nUne donn\u00e9e \u00e0 caract\u00e8re personnel d\u00e9signe toute information concernant une personne physique identifi\u00e9e ou identifiable (personne concern\u00e9e) ; est r\u00e9put\u00e9e identifiable une personne qui peut \u00eatre identifi\u00e9e, directement ou indirectement, notamment par r\u00e9f\u00e9rence \u00e0 un nom, un num\u00e9ro d&rsquo;identification ou \u00e0 un ou plusieurs \u00e9l\u00e9ments sp\u00e9cifiques, propres \u00e0 son identit\u00e9 physique, physiologique, g\u00e9n\u00e9tique, psychique, \u00e9conomique, culturelle ou sociale.\n\nLes informations personnelles pouvant \u00eatre recueillies sur le site sont principalement utilis\u00e9es par l&rsquo;\u00e9diteur pour la gestion des relations avec vous, et le cas \u00e9ch\u00e9ant pour le traitement de vos commandes.\n\nLes donn\u00e9es personnelles collect\u00e9es sont les suivantes :\n<ul>\n \t<li>nom et pr\u00e9nom<\/li>\n \t<li>adresse mail<\/li>\n \t<li>num\u00e9ro de t\u00e9l\u00e9phone<\/li>\n<\/ul>\n<b>Article<\/b><b> 2<\/b><b> <\/b><b>&#8211;<\/b><b> <\/b><b>Droit<\/b><b> <\/b><b>d\u2019acc\u00e8s,<\/b><b> <\/b><b>de<\/b><b> <\/b><b>rectification<\/b><b> <\/b><b>et<\/b><b> <\/b><b>de<\/b><b> <\/b><b>d\u00e9r\u00e9f\u00e9rencement<\/b><b> <\/b><b>de<\/b><b> <\/b><b>vos<\/b><b> donn\u00e9es<\/b>\n\nEn application de la r\u00e9glementation applicable aux donn\u00e9es \u00e0 caract\u00e8re personnel, les utilisateurs disposent des droits suivants :\n\nle droit d\u2019acc\u00e8s : ils peuvent exercer leur droit d&rsquo;acc\u00e8s, pour conna\u00eetre les donn\u00e9es personnelles les concernant, en \u00e9crivant \u00e0 l&rsquo;adresse \u00e9lectronique ci-dessous mentionn\u00e9e. Dans ce cas, avant la mise en \u0153uvre de ce droit, la Plateforme peut demander une preuve de l&rsquo;identit\u00e9 de l&rsquo;utilisateur afin d&rsquo;en v\u00e9rifier l&rsquo;exactitude ;\n\n<span class=\"Apple-converted-space\">\u00a0<\/span>le droit de rectification : si les donn\u00e9es \u00e0 caract\u00e8re personnel d\u00e9tenues par la Plateforme sont inexactes, ils peuvent demander la mise \u00e0 jour des informations ;\n\n<span class=\"Apple-converted-space\">\u00a0<\/span>le droit de suppression des donn\u00e9es : les utilisateurs peuvent demander la suppression de leurs donn\u00e9es \u00e0 caract\u00e8re personnel, conform\u00e9ment aux lois applicables en mati\u00e8re de protection des donn\u00e9es ;\n\n<span class=\"Apple-converted-space\">\u00a0<\/span>le droit \u00e0 la limitation du traitement : les utilisateurs peuvent de demander \u00e0 la Plateforme de limiter le traitement des donn\u00e9es personnelles conform\u00e9ment aux hypoth\u00e8ses pr\u00e9vues par le RGPD ;\n\n<span class=\"Apple-converted-space\">\u00a0<\/span>le droit de s\u2019opposer au traitement des donn\u00e9es : les utilisateurs peuvent s\u2019opposer \u00e0 ce que leurs donn\u00e9es soient trait\u00e9es conform\u00e9ment aux hypoth\u00e8ses pr\u00e9vues par le RGPD ;\n\n<span class=\"Apple-converted-space\">\u00a0<\/span>le droit \u00e0 la portabilit\u00e9 : ils peuvent r\u00e9clamer que la Plateforme leur remette les donn\u00e9es personnelles qu&rsquo;ils ont fournies pour les transmettre \u00e0 une nouvelle Plateforme.\n\nVous pouvez exercer ce droit en nous contactant, \u00e0 l\u2019adresse suivante :\n\n14 Place CLAUDEL\n\n78180 MONTIGNY-LE-BRETONNEUX\n\nOu par email, \u00e0 l\u2019adresse :\n\ncontact@cgdmconstruction.com\n\nToute demande doit \u00eatre accompagn\u00e9e de la photocopie d\u2019un titre d\u2019identit\u00e9 en cours de validit\u00e9 sign\u00e9 et faire mention de l\u2019adresse \u00e0 laquelle l&rsquo;\u00e9diteur pourra contacter le demandeur. La r\u00e9ponse sera adress\u00e9e dans le mois suivant la r\u00e9ception de la demande. Ce d\u00e9lai d&rsquo;un mois peut \u00eatre prolong\u00e9 de deux mois si la complexit\u00e9 de la demande et\/ou le nombre de demandes l&rsquo;exigent.\n\nDe plus, et depuis la loi n\u00b02016-1321 du 7 octobre 2016, les personnes qui le souhaitent, ont la possibilit\u00e9 d\u2019 organiser le sort de leurs donn\u00e9es apr\u00e8s leur d\u00e9c\u00e8s. Pour plus d\u2019information sur le sujet, vous pouvez consulter le site Internet de la CNIL : <a href=\"http:\/\/www.cnil.fr\/\">https:\/\/www.cnil.fr\/.<\/a>\n\nLes utilisateurs peuvent aussi introduire une r\u00e9clamation aupr\u00e8s de la CNIL sur le site de la CNIL : <a href=\"https:\/\/www.cnil.fr\/\">https:\/\/www.cnil.fr<\/a>.\n\nNous vous recommandons de nous contacter dans un premier temps avant de d\u00e9poser une r\u00e9clamation aupr\u00e8s de la CNIL, car nous sommes \u00e0 votre enti\u00e8re disposition pour r\u00e9gler votre probl\u00e8me.\n\n<b>Article<\/b><b> 3 <\/b><b>&#8211;<\/b><b> <\/b><b>Utilisation<\/b><b> <\/b><b>des<\/b><b> <\/b><b>donn\u00e9es<\/b>\n\nLes donn\u00e9es personnelles collect\u00e9es aupr\u00e8s des utilisateurs ont pour objectif la mise \u00e0 disposition des services de la Plateforme, leur am\u00e9lioration et le maintien d&rsquo;un environnement s\u00e9curis\u00e9. La base l\u00e9gale des traitements est l\u2019ex\u00e9cution du contrat entre l\u2019utilisateur et la Plateforme. Plus pr\u00e9cis\u00e9ment, les utilisations sont les suivantes :\n<ul>\n \t<li>acc\u00e8s et utilisation de la Plateforme par l&rsquo;utilisateur ;<\/li>\n \t<li>gestion du fonctionnement et optimisation de la Plateforme ;<\/li>\n \t<li>mise en \u0153uvre d&rsquo;une assistance utilisateurs ;<\/li>\n \t<li>v\u00e9rification, identification et authentification des donn\u00e9es transmises par l&rsquo;utilisateur ;<\/li>\n \t<li>personnalisation des services en affichant des publicit\u00e9s en fonction de l&rsquo;historique de navigation de l&rsquo;utilisateur, selon ses pr\u00e9f\u00e9rences ;<\/li>\n \t<li>pr\u00e9vention et d\u00e9tection des fraudes, malwares (malicious softwares ou logiciels malveillants) et gestion des incidents de s\u00e9curit\u00e9 ;<\/li>\n \t<li>gestion des \u00e9ventuels litiges avec les utilisateurs ;<\/li>\n \t<li>envoi d&rsquo;informations commerciales et publicitaires, en fonction des pr\u00e9f\u00e9rences de l&rsquo;utilisateur ;<\/li>\n<\/ul>\n<b>Article<\/b><b> 4 <\/b><b>&#8211;<\/b><b> <\/b><b>Politique<\/b><b> <\/b><b>de<\/b><b> <\/b><b>conservation<\/b><b> <\/b><b>des<\/b><b> donn\u00e9es<\/b>\n\nLa Plateforme conserve vos donn\u00e9es pour la dur\u00e9e n\u00e9cessaire pour vous fournir ses services ou son assistance.Dans la mesure raisonnablement n\u00e9cessaire ou requise pour satisfaire aux obligations l\u00e9gales ou r\u00e9glementaires, r\u00e9gler des litiges, emp\u00eacher les fraudes et abus ou appliquer nos modalit\u00e9s et conditions, nous pouvons \u00e9galement conserver certaines de vos informations si n\u00e9cessaire, m\u00eame apr\u00e8s que vous ayez ferm\u00e9 votre compte ou que nous n&rsquo;ayons plus besoin pour vous fournir nos services.\n\n<b>Article<\/b><b> 5<\/b><b>&#8211;<\/b><b> <\/b><b>Partage<\/b><b> <\/b><b>des<\/b><b> <\/b><b>donn\u00e9es<\/b><b> <\/b><b>personnelles<\/b><b> <\/b><b>avec<\/b><b> <\/b><b>des<\/b><b> <\/b><b>tiers<\/b>\n\nLes donn\u00e9es personnelles peuvent \u00eatre partag\u00e9es avec des soci\u00e9t\u00e9s tierces exclusivement dans l\u2019Union europ\u00e9enne, dans les cas suivants :\n<ul>\n \t<li>lorsque l&rsquo;utilisateur publie, dans les zones de commentaires libres de la Plateforme, des informations accessibles au public ;<\/li>\n \t<li>quand l&rsquo;utilisateur autorise le site web d&rsquo;un tiers \u00e0 acc\u00e9der \u00e0 ses donn\u00e9es ;<\/li>\n \t<li>quand la Plateforme recourt aux services de prestataires pour fournir l&rsquo;assistance utilisateurs, la publicit\u00e9 et les services de paiement. Ces prestataires disposent d&rsquo;un acc\u00e8s limit\u00e9 aux donn\u00e9es de l&rsquo;utilisateur, dans le cadre de l&rsquo;ex\u00e9cution de ces prestations, et ont l&rsquo;obligation contractuelle de les utiliser en conformit\u00e9 avec les dispositions de la r\u00e9glementation applicable en mati\u00e8re protection des donn\u00e9es \u00e0 caract\u00e8re personnel ;<\/li>\n \t<li>si la loi l&rsquo;exige, la Plateforme peut effectuer la transmission de donn\u00e9es pour donner suite aux r\u00e9clamations pr\u00e9sent\u00e9es contre la Plateforme et se conformer aux proc\u00e9dures administratives et judiciaires.<\/li>\n<\/ul>\n<b>Article<\/b><b> 6 <\/b><b>&#8211;<\/b><b> <\/b><b>Offres<\/b><b> commerciales<\/b>\n\nVous \u00eates susceptible de recevoir des offres commerciales de l&rsquo;\u00e9diteur. Si vous ne le souhaitez pas, veuillez cliquer sur le lien suivant : .\n\nVos donn\u00e9es sont susceptibles d\u2019\u00eatre utilis\u00e9es par les partenaires de l&rsquo;\u00e9diteur \u00e0 des fins de prospection commerciale, si vous ne le souhaitez pas, veuillez cliquer sur le lien suivant : .\n\nSi, lors de la consultation du site, vous acc\u00e9dez \u00e0 des donn\u00e9es \u00e0 caract\u00e8re personnel, vous devez vous abstenir de toute collecte, de toute utilisation non autoris\u00e9e et de tout acte pouvant constituer une atteinte \u00e0 la vie priv\u00e9e ou \u00e0 la r\u00e9putation des personnes. L&rsquo;\u00e9diteur d\u00e9cline toute responsabilit\u00e9 \u00e0 cet \u00e9gard.\n\nLes donn\u00e9es sont conserv\u00e9es et utilis\u00e9es pour une dur\u00e9e conforme \u00e0 la l\u00e9gislation en vigueur.\n\n<b>Article<\/b><b> 7 <\/b><b>&#8211;<\/b><b> Cookies<\/b>\n\nQu\u2019est-ce qu\u2019un \u00ab cookie \u00bb ?\n\nUn \u00ab Cookie \u00bb ou traceur est un fichier \u00e9lectronique d\u00e9pos\u00e9 sur un terminal (ordinateur, tablette, smartphone,\n\n\u2026) et lu par exemple lors de la consultation d&rsquo;un site internet, de la lecture d&rsquo;un courrier \u00e9lectronique, de l&rsquo;installation ou de l&rsquo;utilisation d&rsquo;un logiciel ou d&rsquo;une application mobile et ce, quel que soit le type de terminal utilis\u00e9 (source : <a href=\"https:\/\/www.cnil.fr\/fr\/cookies-traceurs-que-dit-la-loi\">https:\/\/www.cnil.fr\/fr\/cookies-traceurs-que-dit-la-loi<\/a>).\n\nLe site peut collecter automatiquement des informations standards. Toutes les informations collect\u00e9es indirectement ne\n\nseront utilis\u00e9es que pour suivre le volume, le type et la configuration du trafic utilisant ce site, pour en d\u00e9velopper la conception et l&rsquo;agencement et \u00e0 d&rsquo;autres fins administratives et de planification et plus g\u00e9n\u00e9ralement pour am\u00e9liorer le service que nous vous offrons.\n\nLe cas \u00e9ch\u00e9ant, des \u00ab cookies \u00bb \u00e9manant de l&rsquo;\u00e9diteur du site et\/ou des soci\u00e9t\u00e9s tiers pourront \u00eatre d\u00e9pos\u00e9s sur votre terminal, avec votre accord. Dans ce cas, lors de la premi\u00e8re navigation sur ce site, une banni\u00e8re explicative sur l\u2019utilisation des \u00ab cookies \u00bb appara\u00eetra. Avant de poursuivre la navigation, le client et\/ou le prospect devra accepter ou refuser l\u2019utilisation desdits \u00ab cookies \u00bb. Le consentement donn\u00e9 sera valable pour une p\u00e9riode de treize (13) mois. L&rsquo;utilisateur a la possibilit\u00e9 de d\u00e9sactiver les cookies \u00e0 tout moment.\n\nLes cookies suivants sont pr\u00e9sents sur ce site :\n\n<b>Cookies<\/b><b> <\/b><b>Google<\/b><b> <\/b><b>:<\/b>\n<ul>\n \t<li>Google analytics : permet de mesurer l&rsquo;audience du site ;<\/li>\n \t<li>Google tag manager : facilite l\u2019impl\u00e9mentation des tags sur les pages et permet de g\u00e9rer les balises Google ;<\/li>\n \t<li>Google Adsense : r\u00e9gie publicitaire de Google utilisant les sites web ou les vid\u00e9os YouTube comme support pour ses annonces ;<\/li>\n \t<li>Google Dynamic Remarketing : permet de vous proposer de la publicit\u00e9 dynamique en fonction des pr\u00e9c\u00e9dentes recherches ;<\/li>\n \t<li>Google Adwords Conversion : outil de suivi des campagnes publicitaires adwords ;<\/li>\n \t<li>DoubleClick : cookies publicitaires de Google pour diffuser des banni\u00e8res.La dur\u00e9e de vie de ces cookies est de treize mois.<\/li>\n<\/ul>\n<b>Article<\/b><b> 8 <\/b><b>&#8211;<\/b><b> <\/b><b>Photographies<\/b><b> <\/b><b>et<\/b><b> <\/b><b>repr\u00e9sentation<\/b><b> <\/b><b>des<\/b><b> produits<\/b>\n\nLes photographies de produits, accompagnant leur description, ne sont pas contractuelles et n&rsquo;engagent pas l&rsquo;\u00e9diteur.\n\n<b>Article<\/b><b> 9 <\/b><b>&#8211;<\/b><b> <\/b><b>Loi<\/b><b> applicable<\/b>\n\nLes pr\u00e9sentes conditions d&rsquo;utilisation du site sont r\u00e9gies par la loi fran\u00e7aise et soumises \u00e0 la comp\u00e9tence des tribunaux du si\u00e8ge social de l&rsquo;\u00e9diteur, sous r\u00e9serve d&rsquo;une attribution de comp\u00e9tence sp\u00e9cifique d\u00e9coulant d&rsquo;un texte de loi ou r\u00e9glementaire particulier.\n\n<b>Article<\/b><b> <\/b><b>10<\/b><b> <\/b><b>&#8211;<\/b><b> <\/b><b>Contactez-<\/b><b>nous<\/b>\n\nPour toute question, information sur les produits pr\u00e9sent\u00e9s sur le site, ou concernant le site lui-m\u00eame, vous pouvez laisser un message \u00e0 l&rsquo;adresse suivante : contact@cgdmconstruction.com\t\t\t\t\t\t<\/div>\n\t\t\t\t<\/div>\n\t\t\t\t\t<\/div>\n\t\t<\/div>\n\t\t\t\t\t\t\t<\/div>\n\t\t<\/section>\n\t\t\t\t\t\t\t<\/div>\n\t\t","protected":false},"excerpt":{"rendered":"<p>Politique de confidentialit\u00e9 La soci\u00e9t\u00e9 befirst, soucieuse des droits des individus, notamment au regard des traitements automatis\u00e9s et dans une volont\u00e9 de transparence avec ses clients, a mis en place une politique reprenant l\u2019ensemble de ces traitements, des finalit\u00e9s poursuivies par ces derniers ainsi que des moyens d\u2019actions \u00e0 la disposition des individus afin qu\u2019ils [&hellip;]<\/p>\n","protected":false},"author":1,"featured_media":0,"parent":0,"menu_order":0,"comment_status":"closed","ping_status":"closed","template":"","meta":{"_monsterinsights_skip_tracking":false,"_monsterinsights_sitenote_active":false,"_monsterinsights_sitenote_note":"","_monsterinsights_sitenote_category":0},"_links":{"self":[{"href":"https:\/\/cgdmconstruction.com\/index.php?rest_route=\/wp\/v2\/pages\/260"}],"collection":[{"href":"https:\/\/cgdmconstruction.com\/index.php?rest_route=\/wp\/v2\/pages"}],"about":[{"href":"https:\/\/cgdmconstruction.com\/index.php?rest_route=\/wp\/v2\/types\/page"}],"author":[{"embeddable":true,"href":"https:\/\/cgdmconstruction.com\/index.php?rest_route=\/wp\/v2\/users\/1"}],"replies":[{"embeddable":true,"href":"https:\/\/cgdmconstruction.com\/index.php?rest_route=%2Fwp%2Fv2%2Fcomments&post=260"}],"version-history":[{"count":7,"href":"https:\/\/cgdmconstruction.com\/index.php?rest_route=\/wp\/v2\/pages\/260\/revisions"}],"predecessor-version":[{"id":267,"href":"https:\/\/cgdmconstruction.com\/index.php?rest_route=\/wp\/v2\/pages\/260\/revisions\/267"}],"wp:attachment":[{"href":"https:\/\/cgdmconstruction.com\/index.php?rest_route=%2Fwp%2Fv2%2Fmedia&parent=260"}],"curies":[{"name":"wp","href":"https:\/\/api.w.org\/{rel}","templated":true}]}}